011110101110110011
-313110210 (base 4) to base 13
-7c1a6
Convert -43150443 (base 6) to base 11.
-7a0309
Convert 240241040 (base 5) to base 10.
1102645
14305041 (base 6) to base 4
1313313301
-2210102120 (base 3) to base 2
-1101011011001011
Convert 2566149 (base 10) to base 8.
11624005
11094a (base 13) to base 3
202101200001
Convert -11062072 (base 10) to base 16.
-a8cb38
Convert 11503120 (base 6) to base 5.
43204133
What is -3a8962 (base 16) in base 10?
-3836258
467c (base 15) to base 14
5651
15b38 (base 16) to base 2
10101101100111000
-4012132 (base 7) to base 15
-9558a
-123110121222 (base 4) to base 11
-405155a
Convert 775d20 (base 14) to base 3.
21121202112010
Convert 364245 (base 8) to base 6.
2403045
-330112210 (base 4) to base 5
-30402304
What is 4332312 (base 6) in base 4?
310111310
What is 664db (base 15) in base 5?
40400411
1614113 (base 7) to base 5
24103243
4011558 (base 11) to base 15
954859
Convert 74c24 (base 15) to base 14.
990c1
78b47 (base 12) to base 8
471547
Convert -1555422 (base 6) to base 14.
-25db0
What is -72c65 (base 14) in base 7?
-2232055
-2115210 (base 7) to base 6
-5254410
Convert 15318308 (base 10) to base 3.
1001211020202202
12613425 (base 8) to base 3
12022110202000
Convert -3206a05 (base 11) to base 13.
-1228b28
Convert 1101122001220 (base 3) to base 10.
740715
-10010343 (base 5) to base 14
-20a40
Convert -121101022210011 (base 3) to base 15.
-b6e994
What is 404111124 (base 5) in base 13?
450571
221201210221 (base 3) to base 11
316611
What is 12304001244 (base 5) in base 16?
e37451
13222111421 (base 5) to base 12
5685208
Convert -1013392 (base 13) to base 8.
-22431173
-6275c (base 15) to base 9
-525176
Convert -2b725 (base 15) to base 16.
-222d1
-53aa4 (base 11) to base 12
-39536
Convert 2b926 (base 13) to base 4.
110032122
What is -51535412 (base 7) in base 6?
-232435242
Convert caa170 (base 14) to base 9.
13824066
What is -204252054 (base 6) in base 4?
-31213023202
-81431 (base 9) to base 8
-150501
10412332 (base 8) to base 3
11012110212112
Convert -121102122112 (base 3) to base 15.
-65c65
What is -10a03bd (base 14) in base 9?
-15802524
Convert 31133133 (base 4) to base 8.
153737
What is -12020212012 (base 3) in base 13?
-380c0
Convert 181c1 (base 16) to base 5.
11130003
Convert 4851 (base 9) to base 6.
24414
Convert 11022231230 (base 4) to base 3.
2112211011112
2edb8 (base 15) to base 4
211000232
173ad9 (base 15) to base 16
112fb9
What is 804355 (base 12) in base 5?
1002414230
What is -110011001111000101110 (base 2) in base 8?
-6317056
What is 4224440 (base 5) in base 4?
101033130
-d085 (base 14) to base 5
-2121124
-2442741 (base 11) to base 7
-51056023
Convert -21163200 (base 7) to base 14.
-34aca7
1930 (base 11) to base 10
2453
What is 3311003310 (base 4) in base 16?
f50f4
What is 10001001001101011011 (base 2) in base 12?
2312a3
129bb (base 13) to base 2
1000011101000110
What is 203310230 (base 4) in base 6?
3051152
Convert 8cfee (base 16) to base 15.
b61b3
What is 1e7b8 (base 15) in base 7?
563306
Convert -3b2e8a (base 15) to base 12.
-b5251a
-549460 (base 15) to base 12
-1424730
Convert 535e95 (base 16) to base 3.
101021120210022
What is -1d237 (base 15) in base 2?
-10111001100011010
What is 30143120 (base 6) in base 11?
533247
What is -101415141 (base 6) in base 11?
-aa21a0
What is -331200111 (base 5) in base 14?
-292672
Convert -1243504 (base 6) to base 12.
-33594
Convert 49159a (base 13) to base 8.
6520756
What is 312940 (base 16) in base 15?
439934
-69c0a (base 13) to base 4
-233022121
2107805 (base 12) to base 6
341341205
What is 10364 (base 13) in base 12?
14a52
What is -110154531 (base 6) in base 14?
-3959c3
Convert 5b9c37 (base 13) to base 8.
10272143
77e65 (base 16) to base 14
cad93
What is 453150 (base 6) in base 13?
14580
4331402 (base 5) to base 15
16dbc
502464 (base 7) to base 4
110233203
470716 (base 10) to base 16
72ebc
What is -43527a6 (base 12) in base 7?
-213534000
Convert -1c587a (base 14) to base 9.
-1815212
What is -123cb4 (base 13) in base 3?
-211012200220
521152 (base 7) to base 9
145404
What is 664725 (base 8) in base 12?
a9559
What is -675266 (base 8) in base 16?
-37ab6
Convert -1000100011000000101 (base 2) to base 3.
-112020011221
2444010133 (base 5) to base 11
3331aa8
What is 684991 (base 12) in base 7?
20112430
Convert 60150 (base 10) to base 11.
41212
What is -14410025 (base 8) in base 5?
-1314442132
What is -41536143 (base 8) in base 2?
-100001101011110001100011
-46a477 (base 11) to base 3
-1101220012222
-34236600 (base 7) to base 13
-80651a
Convert 242520 (base 9) to base 7.
1146210
What is -37b0ba (base 12) in base 15?
-12eced
What is 120051655 (base 7) in base 4?
130110220321
-b70371 (base 13) to base 12
-1527725
What is -14078 (base 13) in base 15?
-b168
57a558 (base 11) to base 5
213443340
What is -20330303 (base 4) in base 13?
-138bc
121230223 (base 4) to base 7
615610
What is -9a3b (base 14) in base 15?
-7da9
Convert -10010110101010110 (base 2) to base 12.
-38786
Convert -20113103130 (base 4) to base 16.
-2174dc
1155bb4 (base 12) to base 4
30301211320
Convert 161a387 (base 12) to base 7.
53253430
-1c04fc (base 16) to base 10
-1836284
Convert -6e4b9 (base 16) to base 15.
-8dcce
Convert -361a019 (base 11) to base 3.
-102212112021012
Convert 11100110110001 (base 2) to base 13.
6951
What is -a599a (base 11) in base 13?
-552a5
Convert -1d8d7 (base 14) to base 15.
-17715
Convert -661060 (base 8) to base 12.
-a83a8
321309 (base 11) to base 16
7d85a
Convert -3290620 (base 11) to base 5.
-2434104202
Convert 822498 (base 12) to base 14.
3b0124
Convert -320274 (base 8) to base 7.
-623014
-105664 (base 11) to base 10
-168502
Convert 100202001221101 (base 3) to base 14.
98b083
Convert -78cd6 (base 14) to base 5.
-33342104
What is 11201011221211 (base 3) in base 2?
1001100011001010111010
2c5ad (base 14) to base 16
1b12d
Convert -100874 (base 9) to base 2.
-1110100101110100
Convert -b7861 (base 13) to base 11.
-206742
Convert -146a460 (base 13) to base 15.
-887ad1
-1101013132 (base 4) to base 13
-b8300
Convert -89655 (base 10) to base 16.
-15e37
-374041 (base 8) to base 10
-129057
-3395355 (base 10) to base 3
-20101111112220
12639a8 (base 15) to base 9
26786785
Convert -a2287 (base 16) to base 8.
-2421207
-1111110000101010111 (base 2) to base 14
-d62c7
What is -205235524 (base 6) in base 13?
-996808
-13055515 (base 8) to base 16
-2c5b4d
-99970 (base 15) to base 11
-303815
Convert -11121121012 (base 3) to base 4.
-112023101
Convert 27833 (base 10) to base 14.
a201
What is 1312431242 (base 5) in base 7?
36421102
What is -486167 (base 10) in base 16?
-76b17
What is -89612 (base 11) in base 12?
-63186
-784055 (base 12) to base 14
-37bab7
Convert 12001221000022 (base 3) to base 2.
1010010001111111010001
Convert 104283 (base 9) to base 11.
42808
What is 230021001 (base 4) in base 2?
101100001001000001
Convert -211231231 (base 4) to base 8.
-455555
What is 1243030240 (base 5) in base 8?
13636217
453678 (base 10) to base 5
104004203
Convert -35456 (base 9) to base 14.
-88d1
What is -2e0c5 (base 15) in base 14?
-3c285
Convert -1021 (base 16) to base 11.
-3114
-5973490 (base 11) to base 9
-21532684
6b623 (base 13) to base 2
101111111111100000
What is 30854238 (base 9) in base 12?
4b85b15
Convert -10100010101101010111100 (base 2) to base 5.
-2331103034
What is 104404203 (base 6) in base 16?
1cf72b
-442423 (base 6) to base 7
-212343
4acdb (base 15) to base 3
110011001122
Convert -546418 (base 9) to base 5.
-40414304
630611 (base 8) to base 13
74352
-458956 (base 12) to base 13
-3001b3
b58d51 (base 15) to base 4
200330131123
-116120 (base 10) to base 16
-1c598
What is 3566 (base 13) in base 9?
11275
Convert -1101110011011001001000 (base 2) to base 7.
-42520126
24365575 (base 8) to base 6
311023033
Convert -22a140 (base 13) to base 5.
-202300044
Convert 2260556 (base 7) to base 2.
1000101001111010100
-e9c3 (base 16) to base 10
-59843
Convert 1000012101021 (base 3) to base 5.
114112423
-3624a (base 13) to base 2
-11000001111000001
Convert -125107e (base 15) to base 11.
-7482896
-1002111020021120 (base 3) to base 11
-8934877
What is 1866431 (base 9) in base 14?
1d3c7b
What is -4ca007 (base 14) in base 10?
-2639735
-1101011101100101001100 (base 2) to base 6
-203350044
Convert 217475 (base 10) to